{"id":14607,"date":"2025-05-13T16:55:16","date_gmt":"2025-05-13T14:55:16","guid":{"rendered":"https:\/\/www.misceladoro.com\/prodotto\/glasbecher-milch\/"},"modified":"2025-07-01T16:41:06","modified_gmt":"2025-07-01T14:41:06","slug":"glasbecher-milch","status":"publish","type":"product","link":"https:\/\/www.misceladoro.com\/de\/produkt\/glasbecher-milch\/","title":{"rendered":"Glasbecher f\u00fcr Milch von Miscela d&#8217;Oro"},"content":{"rendered":"","protected":false},"excerpt":{"rendered":"<p>Milchglas.<\/p>\n","protected":false},"featured_media":11879,"template":"","meta":{"_acf_changed":false,"inline_featured_image":false},"product_brand":[],"product_cat":[747],"product_tag":[],"class_list":{"0":"post-14607","1":"product","2":"type-product","3":"status-publish","4":"has-post-thumbnail","6":"product_cat-tassen-accessoires","8":"first","9":"instock","10":"taxable","11":"shipping-taxable","12":"purchasable","13":"product-type-simple"},"acf":[],"yoast_head":"<!-- This site is optimized with the Yoast SEO Premium plugin v26.7 (Yoast SEO v26.7) - https:\/\/yoast.com\/wordpress\/plugins\/seo\/ -->\n<title>Miscela d&#039;Oro Glasbecher f\u00fcr Milch<\/title>\n<meta name=\"description\" content=\"Miscela d&#039;Oro Milchglas: stilvoll, robust &amp; ideal zum Servieren von Milch. Klassisches Design f\u00fcr Kaffeegenie\u00dfer.\" \/>\n<meta name=\"robots\" content=\"index, follow, max-snippet:-1, max-image-preview:large, max-video-preview:-1\" \/>\n<link rel=\"canonical\" href=\"https:\/\/www.misceladoro.com\/de\/produkt\/glasbecher-milch\/\" \/>\n<meta property=\"og:locale\" content=\"de_DE\" \/>\n<meta property=\"og:type\" content=\"article\" \/>\n<meta property=\"og:title\" content=\"Glasbecher f\u00fcr Milch von Miscela d&#039;Oro\" \/>\n<meta property=\"og:description\" content=\"Miscela d&#039;Oro Milchglas: stilvoll, robust &amp; ideal zum Servieren von Milch. Klassisches Design f\u00fcr Kaffeegenie\u00dfer.\" \/>\n<meta property=\"og:url\" content=\"https:\/\/www.misceladoro.com\/de\/produkt\/glasbecher-milch\/\" \/>\n<meta property=\"og:site_name\" content=\"Miscela d&#039;Oro\" \/>\n<meta property=\"article:publisher\" content=\"https:\/\/www.facebook.com\/MDOSicilia1946\" \/>\n<meta property=\"article:modified_time\" content=\"2025-07-01T14:41:06+00:00\" \/>\n<meta property=\"og:image\" content=\"https:\/\/www.misceladoro.com\/wp-content\/uploads\/2025\/05\/latte-glass-fronte.png\" \/>\n\t<meta property=\"og:image:width\" content=\"1112\" \/>\n\t<meta property=\"og:image:height\" content=\"1112\" \/>\n\t<meta property=\"og:image:type\" content=\"image\/png\" \/>\n<meta name=\"twitter:card\" content=\"summary_large_image\" \/>\n<meta name=\"twitter:site\" content=\"@miscela_doro\" \/>\n<meta name=\"twitter:label1\" content=\"Gesch\u00e4tzte Lesezeit\" \/>\n\t<meta name=\"twitter:data1\" content=\"1\u00a0Minute\" \/>\n<script type=\"application\/ld+json\" class=\"yoast-schema-graph\">{\"@context\":\"https:\/\/schema.org\",\"@graph\":[{\"@type\":\"WebPage\",\"@id\":\"https:\/\/www.misceladoro.com\/de\/produkt\/glasbecher-milch\/\",\"url\":\"https:\/\/www.misceladoro.com\/de\/produkt\/glasbecher-milch\/\",\"name\":\"Miscela d'Oro Glasbecher f\u00fcr Milch\",\"isPartOf\":{\"@id\":\"https:\/\/www.misceladoro.com\/de\/#website\"},\"primaryImageOfPage\":{\"@id\":\"https:\/\/www.misceladoro.com\/de\/produkt\/glasbecher-milch\/#primaryimage\"},\"image\":{\"@id\":\"https:\/\/www.misceladoro.com\/de\/produkt\/glasbecher-milch\/#primaryimage\"},\"thumbnailUrl\":\"https:\/\/www.misceladoro.com\/wp-content\/uploads\/2025\/05\/latte-glass-fronte.png\",\"datePublished\":\"2025-05-13T14:55:16+00:00\",\"dateModified\":\"2025-07-01T14:41:06+00:00\",\"description\":\"Miscela d'Oro Milchglas: stilvoll, robust & ideal zum Servieren von Milch. Klassisches Design f\u00fcr Kaffeegenie\u00dfer.\",\"breadcrumb\":{\"@id\":\"https:\/\/www.misceladoro.com\/de\/produkt\/glasbecher-milch\/#breadcrumb\"},\"inLanguage\":\"de\",\"potentialAction\":[{\"@type\":\"ReadAction\",\"target\":[\"https:\/\/www.misceladoro.com\/de\/produkt\/glasbecher-milch\/\"]}]},{\"@type\":\"ImageObject\",\"inLanguage\":\"de\",\"@id\":\"https:\/\/www.misceladoro.com\/de\/produkt\/glasbecher-milch\/#primaryimage\",\"url\":\"https:\/\/www.misceladoro.com\/wp-content\/uploads\/2025\/05\/latte-glass-fronte.png\",\"contentUrl\":\"https:\/\/www.misceladoro.com\/wp-content\/uploads\/2025\/05\/latte-glass-fronte.png\",\"width\":1112,\"height\":1112,\"caption\":\"|\"},{\"@type\":\"BreadcrumbList\",\"@id\":\"https:\/\/www.misceladoro.com\/de\/produkt\/glasbecher-milch\/#breadcrumb\",\"itemListElement\":[{\"@type\":\"ListItem\",\"position\":1,\"name\":\"Home\",\"item\":\"https:\/\/www.misceladoro.com\/de\/\"},{\"@type\":\"ListItem\",\"position\":2,\"name\":\"Shop\",\"item\":\"https:\/\/www.misceladoro.com\/de\/shop\/\"},{\"@type\":\"ListItem\",\"position\":3,\"name\":\"Tassen und accessoires\",\"item\":\"https:\/\/www.misceladoro.com\/de\/tassen-accessoires\/\"},{\"@type\":\"ListItem\",\"position\":4,\"name\":\"Glasbecher f\u00fcr Milch von Miscela d&#8217;Oro\"}]},{\"@type\":\"WebSite\",\"@id\":\"https:\/\/www.misceladoro.com\/de\/#website\",\"url\":\"https:\/\/www.misceladoro.com\/de\/\",\"name\":\"Miscela d'Oro\",\"description\":\"Artigiani del caff\u00e8 dal 1946\",\"publisher\":{\"@id\":\"https:\/\/www.misceladoro.com\/de\/#organization\"},\"potentialAction\":[{\"@type\":\"SearchAction\",\"target\":{\"@type\":\"EntryPoint\",\"urlTemplate\":\"https:\/\/www.misceladoro.com\/de\/?s={search_term_string}\"},\"query-input\":{\"@type\":\"PropertyValueSpecification\",\"valueRequired\":true,\"valueName\":\"search_term_string\"}}],\"inLanguage\":\"de\"},{\"@type\":\"Organization\",\"@id\":\"https:\/\/www.misceladoro.com\/de\/#organization\",\"name\":\"Miscela d'Oro\",\"url\":\"https:\/\/www.misceladoro.com\/de\/\",\"logo\":{\"@type\":\"ImageObject\",\"inLanguage\":\"de\",\"@id\":\"https:\/\/www.misceladoro.com\/de\/#\/schema\/logo\/image\/\",\"url\":\"https:\/\/www.misceladoro.com\/wp-content\/uploads\/2022\/10\/LogoMiscelaOro-logo.png\",\"contentUrl\":\"https:\/\/www.misceladoro.com\/wp-content\/uploads\/2022\/10\/LogoMiscelaOro-logo.png\",\"width\":200,\"height\":120,\"caption\":\"Miscela d'Oro\"},\"image\":{\"@id\":\"https:\/\/www.misceladoro.com\/de\/#\/schema\/logo\/image\/\"},\"sameAs\":[\"https:\/\/www.facebook.com\/MDOSicilia1946\",\"https:\/\/x.com\/miscela_doro\",\"https:\/\/www.instagram.com\/misceladoro\/\"]}]}<\/script>\n<!-- \/ Yoast SEO Premium plugin. -->","yoast_head_json":{"title":"Miscela d'Oro Glasbecher f\u00fcr Milch","description":"Miscela d'Oro Milchglas: stilvoll, robust & ideal zum Servieren von Milch. Klassisches Design f\u00fcr Kaffeegenie\u00dfer.","robots":{"index":"index","follow":"follow","max-snippet":"max-snippet:-1","max-image-preview":"max-image-preview:large","max-video-preview":"max-video-preview:-1"},"canonical":"https:\/\/www.misceladoro.com\/de\/produkt\/glasbecher-milch\/","og_locale":"de_DE","og_type":"article","og_title":"Glasbecher f\u00fcr Milch von Miscela d'Oro","og_description":"Miscela d'Oro Milchglas: stilvoll, robust & ideal zum Servieren von Milch. Klassisches Design f\u00fcr Kaffeegenie\u00dfer.","og_url":"https:\/\/www.misceladoro.com\/de\/produkt\/glasbecher-milch\/","og_site_name":"Miscela d&#039;Oro","article_publisher":"https:\/\/www.facebook.com\/MDOSicilia1946","article_modified_time":"2025-07-01T14:41:06+00:00","og_image":[{"width":1112,"height":1112,"url":"https:\/\/www.misceladoro.com\/wp-content\/uploads\/2025\/05\/latte-glass-fronte.png","type":"image\/png"}],"twitter_card":"summary_large_image","twitter_site":"@miscela_doro","twitter_misc":{"Gesch\u00e4tzte Lesezeit":"1\u00a0Minute"},"schema":{"@context":"https:\/\/schema.org","@graph":[{"@type":"WebPage","@id":"https:\/\/www.misceladoro.com\/de\/produkt\/glasbecher-milch\/","url":"https:\/\/www.misceladoro.com\/de\/produkt\/glasbecher-milch\/","name":"Miscela d'Oro Glasbecher f\u00fcr Milch","isPartOf":{"@id":"https:\/\/www.misceladoro.com\/de\/#website"},"primaryImageOfPage":{"@id":"https:\/\/www.misceladoro.com\/de\/produkt\/glasbecher-milch\/#primaryimage"},"image":{"@id":"https:\/\/www.misceladoro.com\/de\/produkt\/glasbecher-milch\/#primaryimage"},"thumbnailUrl":"https:\/\/www.misceladoro.com\/wp-content\/uploads\/2025\/05\/latte-glass-fronte.png","datePublished":"2025-05-13T14:55:16+00:00","dateModified":"2025-07-01T14:41:06+00:00","description":"Miscela d'Oro Milchglas: stilvoll, robust & ideal zum Servieren von Milch. Klassisches Design f\u00fcr Kaffeegenie\u00dfer.","breadcrumb":{"@id":"https:\/\/www.misceladoro.com\/de\/produkt\/glasbecher-milch\/#breadcrumb"},"inLanguage":"de","potentialAction":[{"@type":"ReadAction","target":["https:\/\/www.misceladoro.com\/de\/produkt\/glasbecher-milch\/"]}]},{"@type":"ImageObject","inLanguage":"de","@id":"https:\/\/www.misceladoro.com\/de\/produkt\/glasbecher-milch\/#primaryimage","url":"https:\/\/www.misceladoro.com\/wp-content\/uploads\/2025\/05\/latte-glass-fronte.png","contentUrl":"https:\/\/www.misceladoro.com\/wp-content\/uploads\/2025\/05\/latte-glass-fronte.png","width":1112,"height":1112,"caption":"|"},{"@type":"BreadcrumbList","@id":"https:\/\/www.misceladoro.com\/de\/produkt\/glasbecher-milch\/#breadcrumb","itemListElement":[{"@type":"ListItem","position":1,"name":"Home","item":"https:\/\/www.misceladoro.com\/de\/"},{"@type":"ListItem","position":2,"name":"Shop","item":"https:\/\/www.misceladoro.com\/de\/shop\/"},{"@type":"ListItem","position":3,"name":"Tassen und accessoires","item":"https:\/\/www.misceladoro.com\/de\/tassen-accessoires\/"},{"@type":"ListItem","position":4,"name":"Glasbecher f\u00fcr Milch von Miscela d&#8217;Oro"}]},{"@type":"WebSite","@id":"https:\/\/www.misceladoro.com\/de\/#website","url":"https:\/\/www.misceladoro.com\/de\/","name":"Miscela d'Oro","description":"Artigiani del caff\u00e8 dal 1946","publisher":{"@id":"https:\/\/www.misceladoro.com\/de\/#organization"},"potentialAction":[{"@type":"SearchAction","target":{"@type":"EntryPoint","urlTemplate":"https:\/\/www.misceladoro.com\/de\/?s={search_term_string}"},"query-input":{"@type":"PropertyValueSpecification","valueRequired":true,"valueName":"search_term_string"}}],"inLanguage":"de"},{"@type":"Organization","@id":"https:\/\/www.misceladoro.com\/de\/#organization","name":"Miscela d'Oro","url":"https:\/\/www.misceladoro.com\/de\/","logo":{"@type":"ImageObject","inLanguage":"de","@id":"https:\/\/www.misceladoro.com\/de\/#\/schema\/logo\/image\/","url":"https:\/\/www.misceladoro.com\/wp-content\/uploads\/2022\/10\/LogoMiscelaOro-logo.png","contentUrl":"https:\/\/www.misceladoro.com\/wp-content\/uploads\/2022\/10\/LogoMiscelaOro-logo.png","width":200,"height":120,"caption":"Miscela d'Oro"},"image":{"@id":"https:\/\/www.misceladoro.com\/de\/#\/schema\/logo\/image\/"},"sameAs":["https:\/\/www.facebook.com\/MDOSicilia1946","https:\/\/x.com\/miscela_doro","https:\/\/www.instagram.com\/misceladoro\/"]}]}},"_links":{"self":[{"href":"https:\/\/www.misceladoro.com\/de\/wp-json\/wp\/v2\/product\/14607","targetHints":{"allow":["GET"]}}],"collection":[{"href":"https:\/\/www.misceladoro.com\/de\/wp-json\/wp\/v2\/product"}],"about":[{"href":"https:\/\/www.misceladoro.com\/de\/wp-json\/wp\/v2\/types\/product"}],"wp:featuredmedia":[{"embeddable":true,"href":"https:\/\/www.misceladoro.com\/de\/wp-json\/wp\/v2\/media\/11879"}],"wp:attachment":[{"href":"https:\/\/www.misceladoro.com\/de\/wp-json\/wp\/v2\/media?parent=14607"}],"wp:term":[{"taxonomy":"product_brand","embeddable":true,"href":"https:\/\/www.misceladoro.com\/de\/wp-json\/wp\/v2\/product_brand?post=14607"},{"taxonomy":"product_cat","embeddable":true,"href":"https:\/\/www.misceladoro.com\/de\/wp-json\/wp\/v2\/product_cat?post=14607"},{"taxonomy":"product_tag","embeddable":true,"href":"https:\/\/www.misceladoro.com\/de\/wp-json\/wp\/v2\/product_tag?post=14607"}],"curies":[{"name":"wp","href":"https:\/\/api.w.org\/{rel}","templated":true}]}}

Glasbecher für Milch von Miscela d&#8217;Oro

<!-- This site is optimized with the Yoast SEO Premium plugin v26.7 (Yoast SEO v26.7) - https://yoast.com/wordpress/plugins/seo/ -->
<title>Miscela d&#039;Oro Glasbecher für Milch</title>
<meta name="description" content="Miscela d&#039;Oro Milchglas: stilvoll, robust &amp; ideal zum Servieren von Milch. Klassisches Design für Kaffeegenießer." />
<meta name="robots" content="index, follow, max-snippet:-1, max-image-preview:large, max-video-preview:-1" />
<link rel="canonical" href="https://www.misceladoro.com/de/produkt/glasbecher-milch/" />
<meta property="og:locale" content="de_DE" />
<meta property="og:type" content="article" />
<meta property="og:title" content="Glasbecher für Milch von Miscela d&#039;Oro" />
<meta property="og:description" content="Miscela d&#039;Oro Milchglas: stilvoll, robust &amp; ideal zum Servieren von Milch. Klassisches Design für Kaffeegenießer." />
<meta property="og:url" content="https://www.misceladoro.com/de/produkt/glasbecher-milch/" />
<meta property="og:site_name" content="Miscela d&#039;Oro" />
<meta property="article:publisher" content="https://www.facebook.com/MDOSicilia1946" />
<meta property="article:modified_time" content="2025-07-01T14:41:06+00:00" />
<meta property="og:image" content="https://www.misceladoro.com/wp-content/uploads/2025/05/latte-glass-fronte.png" />
	<meta property="og:image:width" content="1112" />
	<meta property="og:image:height" content="1112" />
	<meta property="og:image:type" content="image/png" />
<meta name="twitter:card" content="summary_large_image" />
<meta name="twitter:site" content="@miscela_doro" />
<meta name="twitter:label1" content="Geschätzte Lesezeit" />
	<meta name="twitter:data1" content="1 Minute" />
<script type="application/ld+json" class="yoast-schema-graph">{"@context":"https://schema.org","@graph":[{"@type":"WebPage","@id":"https://www.misceladoro.com/de/produkt/glasbecher-milch/","url":"https://www.misceladoro.com/de/produkt/glasbecher-milch/","name":"Miscela d'Oro Glasbecher für Milch","isPartOf":{"@id":"https://www.misceladoro.com/de/#website"},"primaryImageOfPage":{"@id":"https://www.misceladoro.com/de/produkt/glasbecher-milch/#primaryimage"},"image":{"@id":"https://www.misceladoro.com/de/produkt/glasbecher-milch/#primaryimage"},"thumbnailUrl":"https://www.misceladoro.com/wp-content/uploads/2025/05/latte-glass-fronte.png","datePublished":"2025-05-13T14:55:16+00:00","dateModified":"2025-07-01T14:41:06+00:00","description":"Miscela d'Oro Milchglas: stilvoll, robust & ideal zum Servieren von Milch. Klassisches Design für Kaffeegenießer.","breadcrumb":{"@id":"https://www.misceladoro.com/de/produkt/glasbecher-milch/#breadcrumb"},"inLanguage":"de","potentialAction":[{"@type":"ReadAction","target":["https://www.misceladoro.com/de/produkt/glasbecher-milch/"]}]},{"@type":"ImageObject","inLanguage":"de","@id":"https://www.misceladoro.com/de/produkt/glasbecher-milch/#primaryimage","url":"https://www.misceladoro.com/wp-content/uploads/2025/05/latte-glass-fronte.png","contentUrl":"https://www.misceladoro.com/wp-content/uploads/2025/05/latte-glass-fronte.png","width":1112,"height":1112,"caption":"|"},{"@type":"BreadcrumbList","@id":"https://www.misceladoro.com/de/produkt/glasbecher-milch/#breadcrumb","itemListElement":[{"@type":"ListItem","position":1,"name":"Home","item":"https://www.misceladoro.com/de/"},{"@type":"ListItem","position":2,"name":"Shop","item":"https://www.misceladoro.com/de/shop/"},{"@type":"ListItem","position":3,"name":"Tassen und accessoires","item":"https://www.misceladoro.com/de/tassen-accessoires/"},{"@type":"ListItem","position":4,"name":"Glasbecher für Milch von Miscela d&#8217;Oro"}]},{"@type":"WebSite","@id":"https://www.misceladoro.com/de/#website","url":"https://www.misceladoro.com/de/","name":"Miscela d'Oro","description":"Artigiani del caffè dal 1946","publisher":{"@id":"https://www.misceladoro.com/de/#organization"},"potentialAction":[{"@type":"SearchAction","target":{"@type":"EntryPoint","urlTemplate":"https://www.misceladoro.com/de/?s={search_term_string}"},"query-input":{"@type":"PropertyValueSpecification","valueRequired":true,"valueName":"search_term_string"}}],"inLanguage":"de"},{"@type":"Organization","@id":"https://www.misceladoro.com/de/#organization","name":"Miscela d'Oro","url":"https://www.misceladoro.com/de/","logo":{"@type":"ImageObject","inLanguage":"de","@id":"https://www.misceladoro.com/de/#/schema/logo/image/","url":"https://www.misceladoro.com/wp-content/uploads/2022/10/LogoMiscelaOro-logo.png","contentUrl":"https://www.misceladoro.com/wp-content/uploads/2022/10/LogoMiscelaOro-logo.png","width":200,"height":120,"caption":"Miscela d'Oro"},"image":{"@id":"https://www.misceladoro.com/de/#/schema/logo/image/"},"sameAs":["https://www.facebook.com/MDOSicilia1946","https://x.com/miscela_doro","https://www.instagram.com/misceladoro/"]}]}</script>
<!-- / Yoast SEO Premium plugin. -->

Miscela d'Oro Glasbecher für Milch

Miscela d'Oro Milchglas: stilvoll, robust & ideal zum Servieren von Milch. Klassisches Design für Kaffeegenießer.

Glasbecher für Milch von Miscela d'Oro

Artigiani del caffè dal 1946
